369935 a prime number?
False
Is 1457080711 a prime number?
True
Is 8112358949 prime?
False
Is 40466737523 prime?
True
Is 29451946067 a prime number?
False
Is 1965746021 composite?
True
Is 681804427 composite?
False
Is 35525443 prime?
True
Is 24297488011 a composite number?
True
Is 7294244183 a prime number?
True
Is 78597584193 a prime number?
False
Is 156027764839 prime?
True
Is 1277008897 prime?
False
Is 2747091979 a prime number?
False
Is 70294489 composite?
False
Is 134147909359 composite?
True
Is 40207267 composite?
False
Is 654727063 a composite number?
False
Is 10963936331 a prime number?
False
Is 4901039849 a composite number?
True
Is 569876943 composite?
True
Is 15358395469 a composite number?
False
Is 131074549 prime?
True
Is 582402683 a composite number?
True
Is 867073237 a prime number?
False
Is 155069505391 a prime number?
True
Is 7510361707 a prime number?
True
Is 1495687 prime?
True
Is 607274662 prime?
False
Is 954608261 a composite number?
True
Is 7428483841 a prime number?
False
Is 608030834 a composite number?
True
Is 293337833 a composite number?
False
Is 4361060597 prime?
True
Is 61588781 composite?
False
Is 4608978861 composite?
True
Is 8514701813 a prime number?
True
Is 24499290589 a prime number?
False
Is 1562689321 composite?
True
Is 649286963 a composite number?
True
Is 45513409943 a prime number?
False
Is 8015793671 prime?
True
Is 26292683 a prime number?
False
Is 2549649209 a composite number?
False
Is 68491621847 composite?
True
Is 3345645733 prime?
False
Is 6517520039 prime?
True
Is 1008746143 composite?
False
Is 353082889 a prime number?
True
Is 8774384261 prime?
False
Is 2202754517 a prime number?
True
Is 22175175961 a prime number?
False
Is 6354278237 composite?
False
Is 9960490117 a composite number?
True
Is 452209931 composite?
True
Is 115087711 a composite number?
True
Is 892207061 composite?
True
Is 1036542797 composite?
True
Is 50401070417 a composite number?
False
Is 203245840439 a prime number?
True
Is 6870395177 composite?
True
Is 18819219233 prime?
False
Is 6353891029 composite?
True
Is 6207373 prime?
False
Is 11335659563 a prime number?
False
Is 3482622071 composite?
False
Is 4572949691 prime?
True
Is 71919149 prime?
True
Is 773280421 a composite number?
True
Is 9758507233 a prime number?
True
Is 9819916817 prime?
False
Is 2890879517 composite?
False
Is 9193419077 a composite number?
True
Is 185582707 prime?
True
Is 86299453 a prime number?
True
Is 16558926557 a composite number?
True
Is 7384395673 prime?
False
Is 4433053759 prime?
True
Is 616748711 prime?
False
Is 11703301971 a composite number?
True
Is 3943441591 composite?
False
Is 13807048121 a composite number?
False
Is 10571652683 a prime number?
False
Is 24909534977 prime?
True
Is 541764107 a composite number?
False
Is 20268759971 a composite number?
False
Is 16530129307 prime?
True
Is 484700941 prime?
True
Is 6786426113 a composite number?
False
Is 35635440349 a prime number?
True
Is 7638095303 composite?
False
Is 1109979443 composite?
False
Is 96858703 composite?
True
Is 1529536489 a composite number?
True
Is 3789054209 a composite number?
False
Is 487918267 composite?
False
Is 3916868479 a composite number?
False
Is 2694676423 a prime number?
False
Is 710577554 prime?
False
Is 154989613 prime?
True
Is 456201253 composite?
False
Is 1579119359 composite?
False
Is 3187943641 a prime number?
False
Is 64881339227 a prime number?
True
Is 13521198401 a prime number?
True
Is 2665820717 a prime number?
False
Is 598467109 a prime number?
True
Is 1309667921 composite?
False
Is 1557400781 composite?
True
Is 727788889 a prime number?
False
Is 31193891621 a prime number?
True
Is 77235163943 prime?
False
Is 490490459 a prime number?
False
Is 80976427463 composite?
False
Is 348335083 composite?
True
Is 50283882419 composite?
False
Is 9884316011 prime?
True
Is 8994915317 a prime number?
False
Is 700771103 prime?
True
Is 3687239317 prime?
True
Is 2615497301 a prime number?
True
Is 9134520839 a prime number?
True
Is 1607381371 a composite number?
False
Is 109805711 prime?
True
Is 6884933737 composite?
True
Is 6191501 a composite number?
False
Is 2606640671 a prime number?
False
Is 1083500039 prime?
False
Is 1427244220513 a prime number?
True
Is 95670534779 a composite number?
True
Is 849491099 prime?
True
Is 114118553 a composite number?
False
Is 11469048823 prime?
True
Is 29727699461 a composite number?
False
Is 2738532383 prime?
True
Is 750633199 composite?
False
Is 3913827629 a prime number?
False
Is 37135871693 composite?
True
Is 17443295033 a prime number?
False
Is 1363622131 a composite number?
True
Is 4653422239 a prime number?
True
Is 3282886877 a composite number?
False
Is 2292291731 composite?
True
Is 1001696611 a composite number?
True
Is 55702712251 a prime number?
True
Is 2387693663 prime?
False
Is 9484084787 composite?
False
Is 163423571 a composite number?
False
Is 3265257029 a prime number?
True
Is 157782091 prime?
False
Is 14679355127 a prime number?
True
Is 57115741 a prime number?
True
Is 7070498681 composite?
False
Is 1094557117 composite?
False
Is 612922087 prime?
False
Is 34875328927 composite?
True
Is 187360003 composite?
False
Is 11971165961 a prime number?
False
Is 12700691167 a composite number?
False
Is 129225556513 prime?
False
Is 22071767843 prime?
True
Is 10818227819 a prime number?
False
Is 412012267 composite?
True
Is 2165196641 composite?
False
Is 17870037023 composite?
False
Is 458225323 composite?
False
Is 194260201 a composite number?
True
Is 74593903 a composite number?
False
Is 455317309 prime?
True
Is 2016422953 a composite number?
True
Is 3001410847 prime?
True
Is 111760462031 prime?
False
Is 3639272583 a prime number?
False
Is 472251413 composite?
True
Is 94925771 a composite number?
False
Is 4361967271 a prime number?
True
Is 7396758611 a composite number?
True
Is 1180515701 a prime number?
True
Is 24412808191 composite?
False
Is 6013931723 composite?
True
Is 8781628049 prime?
False
Is 1656051823 composite?
False
Is 644451853 a prime number?
True
Is 3040811399 composite?
True
Is 44089711 prime?
True
Is 996777083 a prime number?
True
Is 1910773897 a prime number?
False
Is 2173444205 prime?
False
Is 818570693 a prime number?
True
Is 7867495561 a prime number?
False
Is 1318739987 prime?
True
Is 2170257979 composite?
True
Is 5760408931 composite?
False
Is 2753252317 a composite number?
False
Is 389946547 a prime number?
True
Is 35827663297 composite?
False
Is 8577681787 prime?
True
Is 22198556719 composite?
True
Is 2985779773 composite?
False
Is 6848676343 a prime number?
True
Is 1008739951 composite?
True
Is 13837819657 prime?
True
Is 1190196737 composite?
False
Is 29444137403 composite?
True
Is 280044599 a prime number?
False
Is 463818263 composite?
False
Is 750001517 a composite number?
False
Is 550917791 a prime number?
True
Is 24116993627 a prime number?
False
Is 253402333 a composite number?
True
Is 32574737617 prime?
True
Is 58940283221 composite?
False
Is 97438977071 a composite number?
True
Is 1041986431 a prime number?
True
Is 4543090963 a prime number?
False
Is 35594080723 prime?
True
Is 366057163 prime?
True
Is 27081867349 prime?
True
Is 6902133853 prime?
False
Is 55766669914 composite?
True
Is 6971811191 a prime number?
False
Is 13557944633 a prime number?
False
Is 3575907017 composite?
False
Is 4287338303 composite?
False
Is 6757810223 a prime number?
False
Is 1326108313 a composite number?
True
Is 948991049 a composite number?
False
Is 2102498107 a prime number?
True
Is 37232271143 a composite number?
False
Is 27125625791 a prime number?
False
Is 485881111 a composite number?
False
Is 1278213107 prime?
True
Is 3883526141 a composite number?
True
Is 32560868467 composite?
False
Is 94426091 prime?
False
Is 14972070605 prime?
False
Is 609553939 prime?
False
Is 3000503119 composite?
True
Is 1392229961 a prime number?
True
Is 1249051423 prime?
True
Is 4567421567 a prime number?
True
Is 1672350431 a composite number?
False
Is 2444841163 a composite number?
False
Is 476827763 a prime number?
True
Is 2294414711 prime?
False
Is 1158533599 composite?
False
Is 1628832143 a composite number?
False
Is 230802181 a composite number?
True
Is 69292361 a composite number?
False
Is 65724533101 composite?
True
Is 46625916121